t k be (-36)/10 - 4/10. Suppose s = -3*w - 3*s + 51, -6 = 2*s. Calculate the remainder when w is divided by k/(4/(-13)) - 2.
10
Let d = -508 - -576. Calculate the remainder when d is divided by 14.
12
Let v = 464 + -443. What is the remainder when 114 is divided by v?
9
Let b(z) = 117*z + 2. Let n be b(1). Suppose -s + n = -14. Let x(o) = -o**3 - o**2 + 23*o - 8. What is the remainder when s is divided by x(-6)?
31
Let a = -3 - -6. Suppose -73 = -4*b + a. Let p = b + -7. Calculate the remainder when 33 is divided by p.
9
Let q be 5*((-192)/(-10))/(-4). Let w be ((-4)/(-12))/((-2)/q). Suppose 0 = -2*d - 4*p - p + 38, 8 = w*p. Calculate the remainder when 54 is divided by d.
12
Let f = -1924 - -1980. What is the remainder when 214 is divided by f?
46
Suppose 5*b = o + 14, -5*o + 0*b = b - 34. Calculate the remainder when 47 is divided by o.
5
Suppose 2*u = t - u - 85, 3*u = -2*t + 161. Suppose i - 70 = -4*i - 5*d, -2*d = -5*i + 91. What is the remainder when t is divided by i?
14
Suppose 3*r + 18*l = 20*l + 69, 102 = 5*r + l. Suppose 0 = -2*m + 4*s - 14, 3*m - s - 1 = 3. Calculate the remainder when r is divided by m.
0
Let j(x) = 8*x + 5. Let g be j(-4). Let i = -11 - g. Calculate the remainder when 47 is divided by i.
15
Let q(k) = 3*k + 17. Let a(r) = -r**3 - 4*r**2 - 3*r + 4. Let p be a(-3). What is the remainder when 85 is divided by q(p)?
27
Let n = 10 - 18. Let q = 18 - 14. Calculate the remainder when q is divided by n/36 - (-58)/18.
1
Suppose -5*z - 1877 = -6017. What is the remainder when z is divided by 16?
12
Suppose 0 = -u + 3 + 1. Suppose -20 = u*m, -q + 5*m + 21 = -13. What is the remainder when (-166)/(-10) - 2/(-5) is divided by q?
8
Let h be (-8)/1*(-12)/24. Suppose 0 = -h*s - 2*s + 156. Calculate the remainder when 75 is divided by s.
23
Let i be (4/(-6))/(1*3/(-18)). Suppose 2*b + b = -v + 14, b + i*v = -10. What is the remainder when 18 is divided by b?
0
Let z be 14 + -1 + (-12)/4. Let b = z - 4. Calculate the remainder when ((-2)/6)/((-2)/138) is divided by b.
5
Calculate the remainder when -1 + 0 + 728/8 is divided by 23.
21
Let i(r) = r + 30. Suppose 0 = -4*t + 217 + 275. Let g be 36/96 - t/8. Calculate the remainder when 28 is divided by i(g).
13
Suppose -3*q = -0*v + 5*v - 65, v = q - 19. Calculate the remainder when 59 + (-7)/(21/9) is divided by q.
16
Let h be 124/44 - (-4)/22. Suppose 0 = -3*v - l + 221, 300 = 5*v + h*l - 71. What is the remainder when v is divided by 0 + 2 + (1 - -16)?
16
Suppose 32*p - 27*p = -180. Let w = p - -44. What is the remainder when ((-4)/(-3))/((-4)/(-90)) is divided by w?
6
Let r = -160 + 114. Let t = 56 + r. Calculate the remainder when ((-68)/12)/((-2)/6) is divided by t.
7
Suppose 5*u + 3*f - 153 = 2*u, 0 = f + 2. Calculate the remainder when u is divided by 8.
5
Let o = 4590 - 4561. Let s = 12 - -5. What is the remainder when o is divided by s?
12
Let y = -148 - -181. Suppose f - 3*k - 67 = 0, -3*f + 2*k - 6*k = -188. Calculate the remainder when f is divided by y.
31
Let w = 89 + -63. Let v = -1883 - -1957. Calculate the remainder when v is divided by w.
22
Let h(s) = 19*s**2 - 2*s - 2. What is the remainder when 30 is divided by h(-1)?
11
Suppose 81 + 55 = 4*z. Let o(k) = 13*k**2 - 11*k + 48. Calculate the remainder when o(3) is divided by z.
30
Let r be (20/(-8))/(1/(-2)). Suppose 0 = -2*l + r*u - 5, 4*l - 3*u + 0*u + 45 = 0. Let x = 16 + l. Calculate the remainder when x is divided by 1.
0
Suppose -63 = -377*c + 376*c. What is the remainder when c is divided by 43?
20
What is the remainder when (-948)/(-15) - (-5)/(-25) is divided by 23?
17
Suppose 0 = -12*c + 5*c + 448. Let l(w) = -13*w - 3. What is the remainder when c is divided by l(-2)?
18
Let i(k) = -k**3 - 48*k**2 - 38*k + 479. What is the remainder when 104 is divided by i(-47)?
48
Suppose 563*q + 102 = 569*q. Calculate the remainder when 253 is divided by q.
15
Let n(l) = -43*l. Suppose -390 = 5*u - 8*u. Calculate the remainder when n(-1) is divided by (-1)/(-3) - u/(-6).
21
Let o(u) = -2*u**3 - 6*u**2 - 27*u - 72. Let g = -5 + 11. Calculate the remainder when o(-3) is divided by g.
3
Let b = 12 - 3. Calculate the remainder when 87 is divided by b.
6
What is the remainder when 94 is divided by ((-4)/(-5))/(-7 + 211/30)?
22
Let k(b) = 3*b**2 - 2*b - 9. Let r(f) = -f. Let x be r(-2). Suppose -63 = -3*t + x*v, -2*t = 2*t - v - 89. What is the remainder when t is divided by k(3)?
11
Suppose -69 = -5*r - j, 2*r + 3*j - 22 = 16. What is the remainder when 141 is divided by r?
11
Let p = -1245 + 1254. What is the remainder when 135 is divided by p?
0
Let r = -41 + 44. Calculate the remainder when 15 is divided by r/15*43 + 2/5.
6
Suppose -6*r = -3*r, -v - 2*r + 658 = 0. What is the remainder when v is divided by 55?
53
Suppose -4*t - 5*i + 2979 = 0, -3*t = -5*t - 3*i + 1487. Calculate the remainder when t is divided by 126.
121
Let c(l) = l**3 + 13*l**2 - 10*l - 251. What is the remainder when 622 is divided by c(-12)?
11
Let g be 1*(0/1 - -1). Suppose -4*l = 39*i - 42*i + 26, -4*i + 9*l = -42. What is the remainder when i is divided by 0 - (1 + g*-3)?
0
Let d = 105 - 86. Let s = d - -51. What is the remainder when s is divided by 36?
34
Let y = 18 - 10. Let g = -93 - -188. Let t = g + -66. What is the remainder when t is divided by y?
5
Suppose -94 = -4*j - 566. Let x = j - -155. What is the remainder when x is divided by 16?
5
What is the remainder when (-131 + -3)*18/(-36) is divided by 30?
7
Let w = 5 + 55. What is the remainder when 28 is divided by 1 - (w/(-3) + 3 + 2)?
12
Let h(u) = u**2 - 14*u + 18. Let a be h(11). Calculate the remainder when 192 is divided by a/(-25) - 192/(-5).
36
Suppose 17*i = 537 + 1469. What is the remainder when i is divided by 42?
34
Let s = 42 - 63. Let g be 3/7 + (-957)/s. Suppose 49 = 5*m - g. Calculate the remainder when 74 is divided by m.
17
Let n = -184 + 247. Calculate the remainder when 691 is divided by n.
61
Suppose 4 = 2*o - 2. Suppose 3*z - 60 = -o*n, -4*z + 3*n = -2*z - 50. Calculate the remainder when z is divided by 9.
4
Let k(d) = 20*d + 434. What is the remainder when 227 is divided by k(-18)?
5
Suppose 0 = -2*z - z. Suppose 5*f = -z*f + 145. What is the remainder when f is divided by 3 + -1 - (6/2 - 12)?
7
Let y(w) = -w**3 + 8*w**2 + 36*w - 19. What is the remainder when 125 is divided by y(11)?
13
Suppose 14 + 2 = 4*z. Let l = 17 + -20. Let g(j) = 4*j**2 + 8*j + 3. Calculate the remainder when g(l) is divided by z.
3
Let q(b) = b**2 - 7*b + 1. Let u be q(7). What is the remainder when 20 is divided by (-32)/(-8) + u*4?
4
Suppose 17 + 82 = 3*r. Calculate the remainder when 427 is divided by r.
31
Suppose 0 = 3*a + 3, -4*g + 2333 = 2*a + a. Calculate the remainder when g is divided by 45.
44
Let l(h) = -3*h**2 - 58*h + 1. What is the remainder when 90 is divided by l(-19)?
10
Suppose 23*a = -28*a + 2703. Calculate the remainder when 424 is divided by a.
0
Let w(q) = -q**3 + 20*q**2 - 31*q + 5. What is the remainder when w(15) is divided by 37?
36
Suppose -56*p + 488 = -48*p. What is the remainder when 1096 is divided by p?
59
Let y be (40/6)/((-36)/(-54)). Let t = y - 2. What is the remainder when 12 is divided by t?
4
Let r = 0 + -2. Calculate the remainder when 96/9 - r/(-3) is divided by (-5 + 3)/((-10)/35).
3
Suppose 123*r - 119*r - 184 = 0. What is the remainder when 96 is divided by r?
4
Let v(m) = m**2 - 14*m - 251. What is the remainder when v(31) is divided by 15?
6
Let w(t) = t**2 - 33*t + 24. What is the remainder when w(35) is divided by 77?
17
Let k = -12 + 24. Suppose 52 = -5*h + 3*p, -h + 0*h - k = -p. What is the remainder when 93 is divided by h*3/(-5)*5?
21
Suppose -3*p + 13 = -2*u - 10, -5 = -p + 2*u. Suppose -4*k + 1058 = 854. Calculate the remainder when k is divided by p.
6
Let i = 43 + -31. Suppose -23 = -v + i. Suppose 2*k - 4 = 0, 4*d - 4*k + 3 = v. What is the remainder when 29 is divided by d?
9
Suppose 862*p - 496 = 854*p. What is the remainder when 77 is divided by p?
15
Suppose 5*l - 16*l + 110 = 0. Calculate the remainder when l is divided by 3.
1
Suppose 0 = d + 4*d - 275. Suppose -b - 3*f = -15, 5*b + f = 6*f + d. Let m(o) = 7*o - 8. Calculate the remainder when m(6) is divided by b.
10
Let r be (25/(-6) - (-4)/24)*-1. Suppose r*g = -5*k 